ivided by w.
9
Suppose 8*u = 8866 - 2234. What is the remainder when u is divided by 27?
19
Suppose 122*g - 2955 + 27 = 0. Calculate the remainder when (0 + -85)*(1 - 2) is divided by g.
13
Let g(t) = 2 + t**3 + 47*t - 44*t - 1 - t**2 - 17. Calculate the remainder when g(6) is divided by 18.
2
Suppose 0 = -3*j + 5*u - 63, 5*j - 5*u + 95 = -0*u. Calculate the remainder when 168 is divided by (j - -14)/(4/(-86)).
39
Let m = 64 + -38. Let y = -7389 - -7442. Let z = y - m. What is the remainder when 80 is divided by z?
26
Suppose -26*z + 675 = -31*z. Let f = -15 - z. Calculate the remainder when f is divided by 64.
56
What is the remainder when (4/22 - 572872/(-2222))/6 is divided by 17?
9
Let i = -776 + 831. Let x be (-4)/14 - 112/(-49). Suppose 12 = b - x. Calculate the remainder when i is divided by b.
13
Let w = 83 - 11. Suppose 4*x + 4*t - 104 = 0, 0 = x - 4*t - 22 + 1. What is the remainder when w is divided by x?
22
Let k(t) = -t**2 + 0*t**2 - 2*t**2 - 11 + 2*t**2 - 16*t. Let f be k(-13). Calculate the remainder when -3 - f/6*-9 is divided by 14.
11
Let k(j) = 64*j - 313. Let s = -85 - -115. What is the remainder when k(10) is divided by s?
27
Let l = -1638 - -1681. Suppose -v - v + 39 = x, 2*x + 10 = 0. Calculate the remainder when l is divided by v.
21
Suppose 92 - 2970 = -k + 2*d, 0 = 3*k - 2*d - 8658. What is the remainder when k is divided by 125?
15
Suppose 117*m + 1224 = 129*m. What is the remainder when m is divided by 54?
48
Suppose -4*b - 161 = -161. Suppose b = -11*t + 14 + 30. Suppose t*m - 5*l - 173 = 0, 4*m + l - 133 = -2*l. Calculate the remainder when m is divided by 22.
15
Calculate the remainder when (-91)/28*(1 - 25) is divided by ((-595)/340)/(1/(-24)).
36
Calculate the remainder when ((-714)/(-15 + 49))/(3/(-64)) is divided by 26.
6
Let i = -38 + -37. Let c = -45 - i. Suppose -g + 5*h = -c, -6*h = -3*g - 2*h + 79. Calculate the remainder when 49 is divided by g.
24
Let f = -106 + 106. Suppose 16*a - 34 - 158 = f. Calculate the remainder when 189 is divided by a.
9
Suppose 103*m - 107*m = -5*f - 790, 582 = 3*m - 2*f. What is the remainder when 592 is divided by m?
22
Let w = -21 + 77. What is the remainder when w/3 - (-104)/(-156) is divided by 11?
7
Suppose 7*n - 144 = 234. Suppose 14*l + n = 23*l. Calculate the remainder when 39 is divided by l.
3
Let b = 14318 - 14309. What is the remainder when 2/(1 - 77/79) is divided by b?
7
Suppose -5*y = 21 + 4. Suppose -4*x = -x - v + 2, 0 = -x - v - 6. What is the remainder when (-3 - -23)/(8/y - x) is divided by 17?
16
Let n be 537/(-11) + (-32)/176 + -1. What is the remainder when 199 is divided by ((-40)/n)/(0 + 1/25)?
19
Let u = 4135 + -4020. Calculate the remainder when u is divided by 61.
54
Calculate the remainder when 1225 is divided by 253 - ((-429)/(-33) + -1 + -3).
5
What is the remainder when ((-39)/(-9))/((-4)/(-24)) is divided by (-44)/110 + 92/5?
8
Suppose l + 229 = 5*y, -3*l - 63 = -3*y + 72. Let n(h) = -h**2 + 4*h + 7. Let f be n(5). Suppose f*o + 24 = y. Calculate the remainder when 53 is divided by o.
9
Calculate the remainder when (1 + 19745/(-20))/(6/(-16)) is divided by 56.
54
Let o(i) = -3*i - i + 14 - 16 - 4*i - i**2. Calculate the remainder when 96 is divided by o(-5).
5
Let k = -377 + 384. Let a(t) = 2*t**2 - 6*t - 3. Let j be a(6). Let g = -6 + j. What is the remainder when g is divided by k?
6
Suppose -y = 5*x - 303, 5*x + 934 = 3*y + 25. What is the remainder when y is divided by 91?
30
Let d = -16729 + 16751. What is the remainder when 79 is divided by d?
13
Suppose 0 = p - 0*p + 157. Let i = -138 - p. What is the remainder when 130 is divided by i?
16
Calculate the remainder when (78/4)/(381/9652) is divided by 279.
215
Let z(d) = 2*d**2 - 19*d - 20. Let o = 78 + -66. Calculate the remainder when z(13) is divided by o.
11
Let y = -50 + 112. Calculate the remainder when 24 is divided by 3/(-4) - y/(-8).
3
What is the remainder when 272 is divided by -7 - (66/(-3) + -11)?
12
Let s be (-3266)/184*(-8 + 0). Let u = s - 139. What is the remainder when 46 is divided by u?
1
Suppose n - 8*p + 3*p = 7, 0 = -p - 1. Suppose 25 = n*i - l - 32, 3 = -3*l. Calculate the remainder when i is divided by 1/((-205)/(-50) - 4).
8
What is the remainder when 66 is divided by 1/(((-6)/(-3))/(24/1))?
6
Let l(u) = 3*u**2 - 32*u + 14. What is the remainder when l(14) is divided by 33?
22
Let v(j) = -j**3 - 7*j**2 - 11*j - 35. Let c be v(-6). Let m(l) = -l**3 - 5*l**2 - 17*l - 1. What is the remainder when m(c) is divided by 17?
16
Let x be -8*(-2)/(8/36). Let i = 99 - x. Calculate the remainder when i is divided by 8.
3
Let k = 1763 + -1610. Suppose -16 = -0*m - 4*m. Suppose o - 32 = m*f, 2*o - 45 = -3*f + 74. Calculate the remainder when k is divided by o.
49
Suppose 0 = 2*r + 3*w - 10, -5*w = r - 11 - 1. Suppose 0 = r*b - 5*b + 12. Suppose b*n = 20, 5*u - 3*n = n + 30. What is the remainder when 37 is divided by u?
7
Let c(q) = -22*q**2 - 213*q + 19. Let g(s) = -6*s**2 - 53*s + 5. Let d(o) = -2*c(o) + 9*g(o). What is the remainder when d(-5) is divided by 5?
2
Suppose 4*t - 2*n - 353 = 433, -3*t - 3*n = -603. What is the remainder when t is divided by 16?
6
Suppose 0 = 1831*t - 1836*t + c + 67, -15 = -5*c. What is the remainder when 13108/20 - (-2)/(-5) is divided by t?
11
What is the remainder when 2011 is divided by ((0 - 14) + 3)/(-1)?
9
Suppose 3844 = 4*b + 504*y - 502*y, -5*b = -3*y - 4805. Calculate the remainder when b is divided by 22.
15
Let o = -12 - -41. Suppose -d + 32 - o = 0. What is the remainder when 16 is divided by 3*d + 6/3*1?
5
Let z be ((-168)/(-10))/(7 - 2958/420). Let m = -385 - z. Let f(q) = q**2 + 2*q + 5. What is the remainder when f(-5) is divided by m?
6
Suppose 5*o + 2*t = 2790, -78*o + 81*o = -3*t + 1674. Calculate the remainder when o is divided by 23.
6
Let g(v) = 2*v**3 + 176*v**2 + 190*v + 1447. Let w(i) = -i**2 - 6*i - 1. Calculate the remainder when g(-87) is divided by w(-4).
6
Suppose 4*m + 8 - 34 = 10. What is the remainder when 195 is divided by m?
6
Let j(i) = -i**2 - 83*i - 847. Calculate the remainder when 1644 is divided by j(-14).
97
Let h(q) = 12*q - 133. Let t be h(10). Let p = 28 - t. What is the remainder when p is divided by 11?
8
Calculate the remainder when (18 - (-4906 + -22))*(-1)/(-2) is divided by 75.
73
Let d be (-48)/(-9) - 20/15 - -1. Suppose 98 = d*t - 197. Calculate the remainder when 409 is divided by t.
55
Let w be -6 - -4 - (-127 - 5). Suppose -o = 3*s - w, 2*o + 15 = s - 40. What is the remainder when s is divided by -2 - (0 - 14/1)?
9
Suppose 2360 = -92*l + 24808. Calculate the remainder when l is divided by 25.
19
What is the remainder when 571 is divided by (-3)/((26/(-39))/((-82)/(-9)))?
38
Suppose -6*v - 5*v - 1573 = 0. Let o = v + 183. Suppose o*x - 45*x = -20. What is the remainder when 22 is divided by x?
2
Suppose -3 = m - 7, -3*i = 4*m - 295. Suppose 477 = 12*q + i. What is the remainder when 413 is divided by q?
29
Let d = -86 + 89. What is the remainder when (1 - 77/2)*-2 is divided by (0 + (-2)/d)/((-98)/1617)?
9
What is the remainder when 136 is divided by (-608)/3952 + (-249)/(-13)?
3
What is the remainder when 2021 is divided by 15*(-187 + -8)/(-13)?
221
What is the remainder when (4/10)/(599/140765) is divided by 56?
38
Let l(m) = m**3 + 5*m**2 - 21*m + 2. Suppose 5*h + 1 = 21. Let u = -48 - -69. Calculate the remainder when l(h) is divided by u.
20
Suppose 11 - 25 = -7*y. Suppose -y = -6*h + 46. Calculate the remainder when 16 is divided by h.
0
Suppose -390*p + 415*p - 650 = 0. What is the remainder when 1554 is divided by p?
20
Suppose -3785 - 376 = -5*j + 2*k, -1674 = -2*j + 4*k. Let w = 1294 - j. What is the remainder when w is divided by 31?
29
Calculate the remainder when (12/(-14))/(78/(-312676)) is divided by 9.
7
Let y(z) = 7*z**3 + 4*z**2 - 4*z + 2. Let u = -82849 + 83572. Calculate the remainder when u is divided by y(2).
63
Let f = 172 - 164. Calculate the remainder when (((-30)/(-8))/1)/(f/96) is divided by 16.
13
Suppose 2*n - 5*f - 887 = 0, 0*f - 4*f - 2243 = -5*n. Let b = -368 + n. What is the remainder when b is divided by 43?
40
Suppose -179*n + 151*n + 11508 = 0. Calculate the remainder when n is divided by 46.
43
Suppose -3*k - 2*y = -164, -112*k = -115*k - y + 169